st common factor of 2976 and c.
3
Let g = 418 + -400. Suppose 3*z = -4*v + 523, 0*v - 866 = -5*z - v. Let t = 299 - z. What is the highest common factor of t and g?
18
Let y = 7307 - 7273. What is the highest common divisor of 52 and y?
2
Let g be (-1)/((-1)/(-5)) - (-5 - 264). What is the highest common factor of g and 924?
132
Suppose 3*s = 5*p + 1663 + 5145, -s + 2270 = -2*p. Suppose 11*b - s - 4499 = 0. What is the highest common factor of 30 and b?
15
Suppose -4*g = -g + 5*j - 2, -5*j = g + 6. Suppose b = -1, -g*r + 107 = -4*b - 61. Suppose 4*k - 7 = r. Calculate the greatest common divisor of k and 108.
12
Suppose 2*y = -19*y + 1323. Let i be (126/5)/((-6)/(-20)). Calculate the highest common factor of i and y.
21
Let q(d) = 415*d + 3230. Let u be q(-5). Calculate the greatest common divisor of 88 and u.
11
Let u(b) = 5*b + 76. Let w be -91 - 12/8*(-4)/6. Let x = 77 + w. Let r be u(x). Calculate the highest common factor of r and 11.
11
Let j be (-2)/(((-6)/(-74))/(-3)). Suppose 512 = -105*l + 109*l. Suppose -u + 37 = m, -2*m = -5*u + 57 + l. Calculate the highest common factor of j and u.
37
Let h = 686 + -370. Suppose 4 = -4*w, 3*p - 4*w = -p + h. Suppose 44*x - 43*x = 5*b - 186, 5*b + 5*x - 240 = 0. Calculate the highest common factor of p and b.
39
Let k(n) = 285*n - 92. Let h be k(2). Suppose h*f - 36 = 477*f. What is the highest common divisor of f and 84?
12
Let m(x) = 9*x**2 - 3*x + 6. Suppose 14*i - 9 = 19. Let j be m(i). Calculate the greatest common divisor of 18 and j.
18
Let p be (-12)/78 - (-2 - 48/(-26)). Suppose p = -4*n - 5*g + 232, 1 = -g - 3. Calculate the highest common divisor of n and 18.
9
Let a = -10 - -68. Let k = -38 + a. Let r = -19 + k. Calculate the greatest common divisor of 7 and r.
1
Let c = -94 - -99. Suppose c = 2*k + 3*k. Let t = 11 - 6. What is the greatest common divisor of k and t?
1
Suppose 5*o + 20895 = 5*d, 3691 + 8858 = 3*d + o. Calculate the highest common factor of d and 41.
41
Suppose 32*h - 330 = 1718. What is the highest common factor of h and 5024?
32
Suppose 0*i = -5*i + 345. Let v = 71 - i. Suppose 35 + 161 = v*t. Calculate the greatest common factor of t and 14.
14
Suppose -4*b = -5*o + 70, o - 33 = 2*b - 13. Suppose -8*x - n + 200 = -5*x, o = 2*n. What is the greatest common divisor of 715 and x?
65
Let g(x) = -13*x**2 + 3*x - 6. Let k be g(2). Let r = k - -6. Let b = r + 61. Calculate the highest common factor of 135 and b.
15
Let x(i) = 20*i - 28. Let g be x(-3). Let q be ((-1254)/g)/((-1)/(-12)). Calculate the highest common divisor of 9 and q.
9
Let o = -17032 - -18007. What is the highest common factor of 1200 and o?
75
Let b = -125 + 89. Let i be (1 - 2)*-6*(-558)/b. Let s = i - -123. Calculate the greatest common factor of s and 27.
27
Let g = -167 - -213. Suppose -3*o = -86 - g. Calculate the greatest common factor of 33 and o.
11
Let p be -30*(-26)/10*48/3. Suppose -3*b - 4*b + 546 = 0. What is the greatest common factor of b and p?
78
Let v = 812 - 375. Let y = v - 413. Calculate the greatest common factor of y and 40.
8
Let p be (-4 + -5 - -10)/((-2)/(-664)). What is the highest common factor of p and 4?
4
Suppose -6*l + 20 = -11*l. Let z be (l*1329)/(-6) - (1 - 0). What is the greatest common divisor of z and 15?
15
Let l(i) = -3*i + 14. Let d be l(6). Let z be (-6 - -2) + (d - -10). Suppose z*y - 350 = -3*y. Calculate the highest common factor of y and 10.
10
Let f be (-8)/(-3)*(-42)/8. Let c be (-32)/f - ((-2)/(-7))/1. Let x be ((-22)/c)/((-4)/100). Calculate the greatest common divisor of 25 and x.
25
Suppose 0 = -n - 5*h + 31, 26 = 4*n + h - 22. Let i = 382 + -283. What is the greatest common divisor of i and n?
11
Suppose y = x - 5*x + 222, x - 3*y - 62 = 0. Let s = x + -28. Calculate the greatest common divisor of s and 21.
7
Suppose -2 = 5*b - 22. Let f = b - -14. Let a(c) = -c**2 - 20*c - 10. Let d be a(-4). What is the greatest common factor of d and f?
18
Let w be (-39)/117 + 4489/3. Suppose -12*p = -p - w. Calculate the highest common divisor of 4 and p.
4
Let m(d) = -5*d + 27. Let t be m(-8). Let c = 79 - t. What is the greatest common divisor of 42 and c?
6
Suppose 16 = 3*v + 2*q, 3*v + 14 = 6*v + 4*q. Let b(n) = 31*n**2 - 21*n + 38. Let t be b(2). Calculate the highest common factor of v and t.
6
Suppose -h + 0*h - 3*n + 16 = 0, 0 = -n. Suppose -896*b = -865*b - 1116. Calculate the highest common factor of b and h.
4
Suppose -113*n + 10266 = -82*n - 18719. Calculate the greatest common divisor of 170 and n.
85
Let f(t) = -3*t + 13. Let i be f(-6). Suppose -9 - i = -8*s. Calculate the highest common factor of s and 65.
5
Let n(f) = -38*f + 1896. Let j be n(-6). What is the highest common divisor of 2596 and j?
236
Suppose 4*f = 4*x - 32, 30 = -0*f - 4*f + 3*x. Let j(t) = t**3 + 8*t**2 + 6*t + 20. Let d be j(f). What is the highest common factor of d and 8?
8
Let t = 1021 - 665. Suppose 0 = 3*h + 4*s - 2*s - t, h = 3*s + 137. Calculate the greatest common divisor of h and 61.
61
Suppose -852*a = -838*a - 4172. What is the highest common factor of 745 and a?
149
Let q = -6620 + 9918. What is the highest common factor of q and 873?
97
Let u(q) = q**3 - 12*q**2 + 81*q - 520. Let o be u(10). Calculate the highest common divisor of 1962 and o.
18
Suppose 79*l - 62622 = -46896 + 75124. What is the highest common divisor of l and 20?
10
Let h = 595 - 415. Suppose 7*f + h - 621 = 0. Suppose 3*b - f = -j, b + 20 = -3*b. What is the greatest common divisor of 26 and j?
26
Let q be 11/((0 - (-253)/(-66)) + 4). What is the highest common divisor of 2134 and q?
22
Let l be 3 + -3 + (-4 - -4). Let d = -17 + 21. Suppose -2*i = d*b + 3*i - 39, 3*b + i - 32 = l. What is the highest common divisor of 11 and b?
11
Let k(v) = 4*v + 23. Let r be k(-5). Suppose 5*d - r*l = 105, -25 - 37 = -3*d + 2*l. Suppose -c + d = c. Calculate the greatest common divisor of 6 and c.
6
Let s be 2/67 - 8374278/(-6231). Calculate the greatest common divisor of 4872 and s.
168
Let w = 337 - 352. Let n be 190/w*(-5)/((-10)/(-48)). Calculate the greatest common factor of 19 and n.
19
Suppose 900 = -46*b + 61*b. Let v = 126 + -18. Calculate the greatest common factor of v and b.
12
Suppose -58*u + 42502 + 376978 + 253726 = 0. What is the highest common divisor of u and 146?
73
Let l be (-1050)/(-48) - (-2)/16. Suppose 1664 = -14*q + l*q. What is the highest common factor of 48 and q?
16
Suppose 4356 = 30*k - 3594. Let d = -237 + k. What is the greatest common divisor of 84 and d?
28
Let d = -591 - -5028. What is the highest common factor of 153 and d?
153
Let a be 934/8 - 1/(-4). Suppose 5*u + 421*l - 222 = 424*l, -l = -u + 48. What is the highest common divisor of u and a?
39
Suppose -5*g + 888 + 2157 = 0. Suppose 355*u + 174 = 358*u. Calculate the greatest common divisor of g and u.
29
Suppose 5*k + 585 = 2*x, -2*x - k = -3*x + 300. Let q be (-15)/(-20)*3904/12. What is the greatest common divisor of q and x?
61
Let m(l) = 5*l**2 - 2*l - 3. Let u be m(-2). Let o(b) = 3*b - 3. Let n be o(3). Suppose -7*w = -5*w - n. What is the highest common divisor of u and w?
3
Let n = -55048 + 93427. What is the greatest common divisor of 33 and n?
33
Let a = -677 + 709. Let h = 102 - a. Calculate the highest common factor of h and 105.
35
Let l = 168 - 106. Let x be 4/6*-2 + l/6. Suppose 22 + 14 = 4*o. Calculate the greatest common factor of o and x.
9
Let n(m) = -429*m - 327. Let x be n(-2). Calculate the greatest common divisor of x and 9.
9
Let y be ((-32)/152)/2 - (2 + (-173132)/38). Calculate the greatest common factor of 198 and y.
198
Let t be 3/(18/(-364))*810/(-20). Suppose -30*k - t = -57*k. What is the highest common factor of k and 26?
13
Let r be ((-80)/14*1)/((-28)/98). Suppose -7748 - 1652 = -r*d. What is the highest common divisor of 10 and d?
10
Let x(s) = -s**3 - 7*s**2 - 3*s - 5. Let g be x(-7). Suppose 340*y - 494 = -99*y + 384. Calculate the highest common factor of y and g.
2
Let s = -16 + 40. Suppose 0 = 2*i + s - 98. Let z be 32/(-12)*(-111)/4. What is the highest common factor of z and i?
37
Let j(i) = 12*i + 1197. Let g be j(-81). Calculate the highest common factor of 306 and g.
9
Suppose a + 5*h - 19 = 0, 5*a - 6*a + 3*h - 5 = 0. Suppose 185*t = 187*t - a. Calculate the highest commo